= -d + r*d - 9. Calculate the remainder when y is divided by d.
0
Suppose -1 = x - 3. What is the remainder when 21 is divided by (-1)/x*-4*3?
3
What is the remainder when 19 is divided by ((-230)/(-14) - 6) + (-4)/(-7)?
8
Suppose 2*h - 2 = h, -3*k = -3*h. Suppose 3*n - 2*n - k = 0. Suppose 2*p - 54 = -p - 3*u, n*p - 5*u = 57. Calculate the remainder when 60 is divided by p.
18
Suppose 0 = -3*u + b + 43 + 203, -4*b + 95 = u. Suppose -5*i + m + 109 = 0, -i + 5*i - u = 5*m. What is the remainder when 39 is divided by i?
17
Suppose 41 + 177 = 2*j + 2*b, 0 = -5*j + 3*b + 577. Let a = 13 + 16. Calculate the remainder when j is divided by a.
26
Suppose 5*q = -4*o + 223, -10 = -q + 2*o + 29. What is the remainder when q is divided by 3?
1
Suppose 20*w - 15*w - 97 = -3*h, 4*w = 5*h - 174. Calculate the remainder when 156 is divided by h.
20
Let j = 858 + -579. Calculate the remainder when j is divided by 33.
15
Let m = -16 - -12. What is the remainder when 55 is divided by (-1441)/(-77) - m/14?
17
Suppose -4*t + 71 + 17 = 0. Let q be (-2 + 4)*(5 + -3). Suppose -q*o = -21 - 3. What is the remainder when t is divided by o?
4
Suppose -3*x = y - 9, 4*y - 4*x - 1 - 3 = 0. Suppose -y*i + 2 = -28. Let w(b) = b - 3. What is the remainder when w(i) is divided by 3?
1
Suppose 6*w = -4*i + w + 55, -2*i + 32 = 4*w. Suppose -63 = -3*s + 45. What is the remainder when s is divided by i?
6
Let l be 3*1 - 0/(-4). Suppose -3*i = -w - 67 + 6, 0 = -4*i - l*w + 103. Suppose -8*f + 85 = 45. Calculate the remainder when i is divided by f.
2
Let k(h) be the second derivative of h**5/20 - 2*h**4/3 + h**3/6 + h**2 + h. What is the remainder when (0 - 4536/(-119)) + (-2)/17 is divided by k(8)?
8
Let z(l) = 19*l**2 + 2*l - 6. Let c be z(-3). Suppose -8*h + 38 = -7*h + 2*a, -3*h + 3*a = -c. Calculate the remainder when h is divided by (-2 + 3)*(1 + 9).
8
Let i be 50/20 - (-3)/(-2). Suppose t = -4*z + 28, 3*z + i = 4. Calculate the remainder when 45 is divided by t.
21
Let h(s) = -s**2 + 16*s - 12. Calculate the remainder when 119 is divided by h(13).
11
Calculate the remainder when -8 + (4 - -7) - 73*-2 is divided by 52.
45
Let f(a) = -4*a + 11. Suppose -b = 2*u + 10, -3*b + 2*b = -4*u - 26. Let j be 2/u + 246/(-18). Calculate the remainder when f(j) is divided by 17.
16
Suppose 4*n - 5*c + 417 = 0, 5*n - c + 485 = -2*c. Let i = -45 - n. Calculate the remainder when i is divided by 1/((-2)/(-28)) - 3.
9
Let v(m) = m**3 + m**2 + 2*m + 46. Let w be v(0). Suppose 2*r = -f - 2*r + w, 4*r + 74 = 3*f. Let o = f + -11. Calculate the remainder when o is divided by 11.
8
Let l be (-8 - -10) + 24/2. Let w = l - -9. Calculate the remainder when w is divided by 6.
5
Suppose -n + 3*g + 35 = g, 2*g = 0. What is the remainder when 278 is divided by n?
33
Suppose -125 = -s - 124. Suppose -1 - 3 = -4*t. Suppose -t = -l - 0. What is the remainder when l is divided by s?
0
Let g(k) = 53*k - 4. What is the remainder when g(6) is divided by 45?
44
Let u(m) be the second derivative of -m**4/12 - m**3/6 + 25*m**2/2 + m. Let a = 169 - 156. Calculate the remainder when u(0) is divided by a.
12
Suppose -1 = -j - 4*y, 0 = -2*j + 5*j - y - 29. Suppose -8*h + 12 + 20 = 0. Suppose 8*v = h*v + 68. What is the remainder when v is divided by j?
8
Let j(x) = x**2 - 10*x + 10. Suppose 0*p - 2*p = -2*n + 98, 0 = 3*n - 2*p - 142. Suppose -n = 4*z - 8*z. What is the remainder when 83 is divided by j(z)?
20
Calculate the remainder when 196 is divided by ((-212)/(-3))/((-228)/(-342)).
90
Suppose 0 = 4*a + 20, -z + 1 + 5 = -5*a. Let r be z/(-4) - (-6)/24. Suppose 2*d + 6 = r*q, -3*d + d = q - 6. Calculate the remainder when 2 is divided by q.
0
What is the remainder when -99 + 244 - (-16)/2 is divided by 55?
43
Let s = -975 + 1092. What is the remainder when s is divided by 21?
12
Let a(o) = 7*o**2 - 7*o + 3. What is the remainder when a(2) is divided by 1/(2/1)*20?
7
Let r(k) = -5*k - 1. Let f be r(-1). Suppose 124 = f*l + 4*u, 4*l = -5*u + 52 + 71. Suppose 5*h - 7*h = -34. What is the remainder when l is divided by h?
15
Let m = 259 + -204. Calculate the remainder when m is divided by 14.
13
Let g = -43 - -52. Let m = 58 - 35. Calculate the remainder when m is divided by g.
5
Let v = -1195 + 1216. Calculate the remainder when 68 is divided by v.
5
Let i(z) = 23*z - 6. Suppose -15 = 5*u, -2*u - u + 11 = 5*t. Let d be i(t). Let s = -49 + d. What is the remainder when s is divided by 10?
7
Let t be (-20)/3*-5*30/(-25). What is the remainder when 4*4/t - 142/(-5) is divided by 8?
4
Let s be (-1)/4 + (-14)/(-56). Suppose v + v = -m + 91, s = -v + 2*m + 58. Calculate the remainder when v is divided by 17.
14
Let g(j) = -2*j**3 - 16*j**2 + 8*j - 30. What is the remainder when 417 is divided by g(-9)?
57
Suppose -8*f = 1284 - 1884. Calculate the remainder when f is divided by -2 + 1 - (0 - 12).
9
Let o(j) = j + 2. Let u(v) = -2*v - 2. Let i be u(-3). Suppose 2*c + 12 = n - 2*c, -3*c = i*n - 124. What is the remainder when n is divided by o(6)?
4
Let x = -9 + -1. Calculate the remainder when x*(-2)/4 + (-1 - -5) is divided by 6.
3
Suppose -k = 2*k. Let w(j) = -3*j - 15. Let l be w(-5). What is the remainder when 45 is divided by k + -2 + l - -14?
9
Let m = -54 - -99. Suppose 0*o + 2*o - 18 = -4*j, 51 = 5*o + 4*j. What is the remainder when (-9)/m + 271/5 is divided by o?
10
Let g be (5/(-5))/((-3)/6). Suppose -2*z + z = -g. Suppose 3*i = 5*b + z*i - 67, -4*i - 2 = -b. What is the remainder when 53 is divided by b?
11
Suppose -5*b - 5*h + 20 = 0, 4*b - h - 51 = -10. Let r(g) = g**3 - 6*g**2 + g - 4. What is the remainder when b is divided by r(6)?
1
Suppose -3*n - 2 = 4*z, z = -3*z + 4*n + 12. Suppose 5*v - z = 3*y - 2, v = 4*y + 27. What is the remainder when ((-10)/y)/(8/128) is divided by 7?
6
Let i be (3/(-2))/(6/(-16)). Suppose -i*a - a + 25 = 0. Suppose -4*y + 23 = f, a*y - f = -5*f + 15. Calculate the remainder when 12 is divided by y.
5
Suppose -4*h - 5*n + 25 = 0, -5*h - 31*n = -26*n - 35. What is the remainder when 90 is divided by h?
0
Let b = 14 - 16. Let i = -2 - b. Let v(s) = s**3 + s + 11. Calculate the remainder when 43 is divided by v(i).
10
Let b = 565 - 498. Calculate the remainder when 265 is divided by b.
64
Let x(w) = 3 - 5*w + 0 - 2*w. Let r be x(3). Let n = 40 - r. Calculate the remainder when n is divided by 30.
28
Suppose 21*g - 2133 = -6*g. Calculate the remainder when 1182 is divided by g.
76
Let a(x) = x**3 + 9*x**2 - 306*x - 70. Calculate the remainder when a(14) is divided by (-1695)/(-55) + (-4)/(-22).
30
Suppose 0 = -2*c + 1095 + 173. Calculate the remainder when c is divided by 10.
4
Suppose 0*f - 64 = -4*q - 4*f, 86 = 5*q + 2*f. Suppose -5*h = -4*o + 56, 2*h = 4*o - 39 - 5. Suppose -2 + o = d. What is the remainder when q is divided by d?
4
Suppose 4*s = -5*h + 141, -2*s - 29 = -h - 3*s. Let i = 12 + 86. Calculate the remainder when i is divided by h.
23
Let s be 4 + (-2 - (1 - 6)). Suppose s*r - 331 = 124. Suppose -3*k = 0, -10 = -2*g - 5*k + 24. Calculate the remainder when r is divided by g.
14
Let n = 375 + -308. What is the remainder when 2142 is divided by n?
65
Suppose 149 = -5*x - 26. Suppose -44*h - 40 = -52*h. Calculate the remainder when (-4)/14 - 500/x is divided by h.
4
Let n be ((-8)/14)/((-4)/14). Suppose -28 = -n*q + 6. Let k = -65 - -96. Calculate the remainder when k is divided by q.
14
Suppose 840 = 17*u - 61. What is the remainder when u is divided by (-2)/4*4*-3?
5
Suppose 0 = b - 4*b. Suppose -5*l - l + 138 = b. Let t = -7 - -12. Calculate the remainder when l is divided by t.
3
Let v(p) = 31*p**2 + 9*p + 3. What is the remainder when v(-2) is divided by 37?
35
Suppose 3*t + g - 219 = -2*g, -5*t = 3*g - 355. Let h be 0/(3/3) + t. Suppose -5 = 5*r, h = 5*b - 4*r + 19. Calculate the remainder when 15 is divided by b.
6
Suppose -r = -2*r + 19. Let k = r + -16. Calculate the remainder when 11 is divided by 2*k - (-10 + 12).
3
Suppose -5*i = 151 - 336. What is the remainder when i is divided by 4?
1
Let s be ((-45)/30)/((-6)/4). Let a = 11 + s. Calculate the remainder when a is divided by 8.
4
Let v = -512 - -924. Calculate the remainder when v is divided by 16.
12
Let x = -36 - -71. Let u(o) = 11*o**2 - 2. Suppose 0 = -5*w + 5*d, -2*w + 4*d - 2 = -0*d. Calculate the rem